{"id":4848,"date":"2025-05-12T15:26:11","date_gmt":"2025-05-12T14:26:11","guid":{"rendered":"https:\/\/cesamy.com\/product\/a-due-passi-dal-centro\/"},"modified":"2025-05-14T13:56:43","modified_gmt":"2025-05-14T12:56:43","slug":"a-due-passi-dal-centro","status":"publish","type":"product","link":"https:\/\/cesamy.com\/it\/prodotto\/a-due-passi-dal-centro\/","title":{"rendered":"A due passi dal centro"},"content":{"rendered":"<div class=\"_tp3sbt\">\n<section><span class=\"l1h825yc atm_kd_19r6f69_24z95b atm_kd_19r6f69_1xbvphn_1oszvuo dir dir-ltr\">Rilassatevi in questo spazio tranquillo in posizione centrale e godetevi il giardino privato: una vera rarit\u00e0 in citt\u00e0!<br \/>\nIl centro \u00e8 raggiungibile a piedi in 15-20 min.<br \/>\nL&#8217;appartamento \u00e8 adatto ad una coppia o a una famiglia.<br \/>\nComodamente servito dai mezzi pubblici, si pu\u00f2 raggiungere anche in auto. Parcheggi (a pagamento) in zona.<br \/>\nA 20 minuti a piedi dalla Stazione Centrale.<br \/>\nE&#8217; presente la pista ciclabile lungo la strada.<br \/>\nL&#8217;appartamento \u00e8 a 5 minuti a piedi dalla Fiera di Firenze alla Fortezza.<\/span><\/section>\n<\/div>\n<div class=\"_tp3sbt\">\n<section>\n<div class=\"_gt7myn\">\n<h2 class=\"hpipapi atm_7l_1kw7nm4 atm_c8_1x4eueo atm_cs_1kw7nm4 atm_g3_1kw7nm4 atm_gi_idpfg4 atm_l8_idpfg4 atm_kd_idpfg4_pfnrn2 dir dir-ltr\" style=\"margin: 0px; color: inherit; font-size: 1em; line-height: inherit; font-weight: inherit; padding: 0px;\">Lo spazio<\/h2>\n<\/div>\n<p><span class=\"l1h825yc atm_kd_19r6f69_24z95b atm_kd_19r6f69_1xbvphn_1oszvuo dir dir-ltr\">L&#8217;appartamento si trova al piano seminterrato di un bel palazzo dei primi del &#8216;900 molto curato e tipico della Firenze di quel periodo. In citt\u00e0 gli appartamenti con giardino si trovano spesso qualche gradino sotto il suolo poich\u00e9 si sviluppano sul retro dei palazzi dove le aree sono pi\u00f9 fresche e silenziose.<br \/>\nNei mesi pi\u00f9 caldi infatti, si pu\u00f2 apprezzare la temperatura pi\u00f9 fresca degli ambienti che consente di vivere piacevolmente anche senza la necessit\u00e0 di aria condizionata.<br \/>\nCi sono una camera da letto matrimoniale, il salotto con divano letto, la cucina ed il bagno. Oltre naturalmente al giardino privato, vera particolarit\u00e0 della casa.<br \/>\nL&#8217;appartamento \u00e8 accessoriato poich\u00e9 \u00e8 abitato da noi per alcuni periodi dell&#8217;anno e quindi mette a disposizione tutto ci\u00f2 che serve per la quotidianit\u00e0. E se manca qualcosa&#8230;.chiedete pure!<\/span><\/p>\n<\/section>\n<\/div>\n<div class=\"_tp3sbt\">\n<section>\n<div class=\"_gt7myn\"><\/div>\n<\/section>\n<\/div>\n<div class=\"_tp3sbt\">\n<section>\n<div class=\"_gt7myn\" style=\"font-weight: 500 !important;\">\n<h2 class=\"hpipapi atm_7l_1kw7nm4 atm_c8_1x4eueo atm_cs_1kw7nm4 atm_g3_1kw7nm4 atm_gi_idpfg4 atm_l8_idpfg4 atm_kd_idpfg4_pfnrn2 dir dir-ltr\" style=\"margin: 0px; color: inherit; font-size: 1em; line-height: inherit; font-weight: inherit; padding: 0px;\">Altre cose da tenere a mente<\/h2>\n<p><span style=\"font-size: 1rem;\">Ci sono 4 posti letto, due dei quali in divano letto matrimoniale in salotto. Tuttavia ci piace segnalare che il salotto \u00e8 collegato alla cucina ed all&#8217;ingresso da due aperture senza porte. Per questo motivo riteniamo la sistemazione per 4 persone pi\u00f9 adatta ad una famiglia con figli piuttosto che a 2 coppie di amici che, giustamente, avrebbero bisogno di maggiore privacy.<\/span><\/p>\n<\/div>\n<\/section>\n<\/div>","protected":false},"excerpt":{"rendered":"<p>Rilassatevi in questo spazio tranquillo in posizione centrale e godetevi il giardino privato: una vera rarit\u00e0 in citt\u00e0!<br \/>\nIl centro \u00e8 raggiungibile a piedi in 15-20 min.<br \/>\nL&#8217;appartamento \u00e8 adatto ad una coppia o a una famiglia.<\/p>","protected":false},"featured_media":4836,"comment_status":"open","ping_status":"closed","template":"","meta":{"_acf_changed":false},"service-language":[151,153,152],"location":[110],"product_brand":[],"product_cat":[127,142],"product_tag":[],"class_list":{"0":"post-4848","1":"product","2":"type-product","3":"status-publish","4":"has-post-thumbnail","6":"service-language-english","7":"service-language-french","8":"service-language-italian","9":"location-florence","10":"product_cat-property","11":"product_cat-property-attributes","12":"_wholesalex wsx-wholesalex-product","14":"first","15":"instock","16":"taxable","17":"shipping-taxable","18":"product-type-simple","19":"add-to-wishlist-after_add_to_cart"},"acf":[],"aioseo_notices":[],"_links":{"self":[{"href":"https:\/\/cesamy.com\/it\/wp-json\/wp\/v2\/product\/4848","targetHints":{"allow":["GET"]}}],"collection":[{"href":"https:\/\/cesamy.com\/it\/wp-json\/wp\/v2\/product"}],"about":[{"href":"https:\/\/cesamy.com\/it\/wp-json\/wp\/v2\/types\/product"}],"replies":[{"embeddable":true,"href":"https:\/\/cesamy.com\/it\/wp-json\/wp\/v2\/comments?post=4848"}],"wp:featuredmedia":[{"embeddable":true,"href":"https:\/\/cesamy.com\/it\/wp-json\/wp\/v2\/media\/4836"}],"wp:attachment":[{"href":"https:\/\/cesamy.com\/it\/wp-json\/wp\/v2\/media?parent=4848"}],"wp:term":[{"taxonomy":"service-language","embeddable":true,"href":"https:\/\/cesamy.com\/it\/wp-json\/wp\/v2\/service-language?post=4848"},{"taxonomy":"location","embeddable":true,"href":"https:\/\/cesamy.com\/it\/wp-json\/wp\/v2\/location?post=4848"},{"taxonomy":"product_brand","embeddable":true,"href":"https:\/\/cesamy.com\/it\/wp-json\/wp\/v2\/product_brand?post=4848"},{"taxonomy":"product_cat","embeddable":true,"href":"https:\/\/cesamy.com\/it\/wp-json\/wp\/v2\/product_cat?post=4848"},{"taxonomy":"product_tag","embeddable":true,"href":"https:\/\/cesamy.com\/it\/wp-json\/wp\/v2\/product_tag?post=4848"}],"curies":[{"name":"wp","href":"https:\/\/api.w.org\/{rel}","templated":true}]}}

<div class="_tp3sbt">
<section><span class="l1h825yc atm_kd_19r6f69_24z95b atm_kd_19r6f69_1xbvphn_1oszvuo dir dir-ltr">Rilassatevi in questo spazio tranquillo in posizione centrale e godetevi il giardino privato: una vera rarità in città!<br />
Il centro è raggiungibile a piedi in 15-20 min.<br />
L&#8217;appartamento è adatto ad una coppia o a una famiglia.<br />
Comodamente servito dai mezzi pubblici, si può raggiungere anche in auto. Parcheggi (a pagamento) in zona.<br />
A 20 minuti a piedi dalla Stazione Centrale.<br />
E&#8217; presente la pista ciclabile lungo la strada.<br />
L&#8217;appartamento è a 5 minuti a piedi dalla Fiera di Firenze alla Fortezza.</span></section>
</div>
<div class="_tp3sbt">
<section>
<div class="_gt7myn">
<h2 class="hpipapi atm_7l_1kw7nm4 atm_c8_1x4eueo atm_cs_1kw7nm4 atm_g3_1kw7nm4 atm_gi_idpfg4 atm_l8_idpfg4 atm_kd_idpfg4_pfnrn2 dir dir-ltr" style="margin: 0px; color: inherit; font-size: 1em; line-height: inherit; font-weight: inherit; padding: 0px;">Lo spazio</h2>
</div>
<p><span class="l1h825yc atm_kd_19r6f69_24z95b atm_kd_19r6f69_1xbvphn_1oszvuo dir dir-ltr">L&#8217;appartamento si trova al piano seminterrato di un bel palazzo dei primi del &#8216;900 molto curato e tipico della Firenze di quel periodo. In città gli appartamenti con giardino si trovano spesso qualche gradino sotto il suolo poiché si sviluppano sul retro dei palazzi dove le aree sono più fresche e silenziose.<br />
Nei mesi più caldi infatti, si può apprezzare la temperatura più fresca degli ambienti che consente di vivere piacevolmente anche senza la necessità di aria condizionata.<br />
Ci sono una camera da letto matrimoniale, il salotto con divano letto, la cucina ed il bagno. Oltre naturalmente al giardino privato, vera particolarità della casa.<br />
L&#8217;appartamento è accessoriato poiché è abitato da noi per alcuni periodi dell&#8217;anno e quindi mette a disposizione tutto ciò che serve per la quotidianità. E se manca qualcosa&#8230;.chiedete pure!</span></p>
</section>
</div>
<div class="_tp3sbt">
<section>
<div class="_gt7myn"></div>
</section>
</div>
<div class="_tp3sbt">
<section>
<div class="_gt7myn" style="font-weight: 500 !important;">
<h2 class="hpipapi atm_7l_1kw7nm4 atm_c8_1x4eueo atm_cs_1kw7nm4 atm_g3_1kw7nm4 atm_gi_idpfg4 atm_l8_idpfg4 atm_kd_idpfg4_pfnrn2 dir dir-ltr" style="margin: 0px; color: inherit; font-size: 1em; line-height: inherit; font-weight: inherit; padding: 0px;">Altre cose da tenere a mente</h2>
<p><span style="font-size: 1rem;">Ci sono 4 posti letto, due dei quali in divano letto matrimoniale in salotto. Tuttavia ci piace segnalare che il salotto è collegato alla cucina ed all&#8217;ingresso da due aperture senza porte. Per questo motivo riteniamo la sistemazione per 4 persone più adatta ad una famiglia con figli piuttosto che a 2 coppie di amici che, giustamente, avrebbero bisogno di maggiore privacy.</span></p>
</div>
</section>
</div>

<p>Rilassatevi in questo spazio tranquillo in posizione centrale e godetevi il giardino privato: una vera rarità in città!<br />
Il centro è raggiungibile a piedi in 15-20 min.<br />
L&#8217;appartamento è adatto ad una coppia o a una famiglia.</p>
